{"id":894,"date":"2023-11-21T11:30:55","date_gmt":"2023-11-21T10:30:55","guid":{"rendered":"https:\/\/sante-nutrition.be\/index.php\/complements-alimentaires\/"},"modified":"2025-12-17T16:44:57","modified_gmt":"2025-12-17T15:44:57","slug":"complements-alimentaires","status":"publish","type":"page","link":"https:\/\/sante-nutrition.be\/index.php\/complements-alimentaires\/","title":{"rendered":"Compl\u00e9ments alimentaires"},"content":{"rendered":"<div data-colibri-id=\"894-c1\" class=\"style-1137 style-local-894-c1 position-relative\">\n  <!---->\n  <div data-colibri-component=\"section\" data-colibri-id=\"894-c2\" id=\"custom\" class=\"h-section h-section-global-spacing d-flex align-items-lg-center align-items-md-center align-items-center style-1138 style-local-894-c2 position-relative\">\n    <!---->\n    <!---->\n    <div class=\"h-section-grid-container h-section-boxed-container\">\n      <!---->\n      <div data-colibri-id=\"894-c3\" class=\"h-row-container gutters-row-lg-2 gutters-row-md-2 gutters-row-0 gutters-row-v-lg-2 gutters-row-v-md-2 gutters-row-v-2 style-1141 style-local-894-c3 position-relative\">\n        <!---->\n        <div class=\"h-row justify-content-lg-center justify-content-md-center justify-content-center align-items-lg-stretch align-items-md-stretch align-items-stretch gutters-col-lg-2 gutters-col-md-2 gutters-col-0 gutters-col-v-lg-2 gutters-col-v-md-2 gutters-col-v-2\">\n          <!---->\n          <div class=\"h-column h-column-container d-flex h-col-lg-auto h-col-md-auto h-col-auto style-1142-outer style-local-894-c4-outer\">\n            <div data-colibri-id=\"894-c4\" class=\"d-flex h-flex-basis h-column__inner h-px-lg-2 h-px-md-2 h-px-2 v-inner-lg-2 v-inner-md-2 v-inner-2 style-1142 style-local-894-c4 position-relative\">\n              <!---->\n              <!---->\n              <div class=\"w-100 h-y-container h-column__content h-column__v-align flex-basis-100 align-self-lg-start align-self-md-start align-self-start\">\n                <!---->\n                <div data-colibri-id=\"894-c5\" class=\"h-global-transition-all h-heading style-1143 style-local-894-c5 position-relative h-element\">\n                  <!---->\n                  <div class=\"h-heading__outer style-1143 style-local-894-c5\">\n                    <!---->\n                    <!---->\n                    <h1 class=\"\">Les compl\u00e9ments alimentaires<\/h1>\n                  <\/div>\n                <\/div>\n              <\/div>\n            <\/div>\n          <\/div>\n        <\/div>\n      <\/div>\n    <\/div>\n  <\/div>\n  <div data-colibri-component=\"section\" data-colibri-id=\"894-c6\" id=\"about\" class=\"h-section h-section-global-spacing d-flex align-items-lg-center align-items-md-center align-items-center style-1144 style-local-894-c6 position-relative\">\n    <!---->\n    <!---->\n    <div class=\"h-section-grid-container h-section-boxed-container\">\n      <!---->\n      <div data-colibri-id=\"894-c7\" class=\"h-row-container gutters-row-lg-0 gutters-row-md-0 gutters-row-0 gutters-row-v-lg-0 gutters-row-v-md-0 gutters-row-v-0 style-1145 style-local-894-c7 position-relative\">\n        <!---->\n        <div class=\"h-row justify-content-lg-center justify-content-md-center justify-content-center align-items-lg-stretch align-items-md-stretch align-items-stretch gutters-col-lg-0 gutters-col-md-0 gutters-col-0 gutters-col-v-lg-0 gutters-col-v-md-0 gutters-col-v-0\">\n          <!---->\n          <div class=\"h-column h-column-container d-flex h-col-lg-auto h-col-md-auto h-col-auto style-1146-outer style-local-894-c8-outer\">\n            <div data-colibri-id=\"894-c8\" class=\"d-flex h-flex-basis h-column__inner h-px-lg-0 h-px-md-0 h-px-0 v-inner-lg-0 v-inner-md-0 v-inner-0 style-1146 style-local-894-c8 position-relative\">\n              <!---->\n              <!---->\n              <div class=\"w-100 h-y-container h-column__content h-column__v-align flex-basis-100 align-self-lg-start align-self-md-start align-self-start\">\n                <!---->\n                <div data-colibri-id=\"894-c9\" class=\"h-global-transition-all h-heading style-1148 style-local-894-c9 position-relative h-element\">\n                  <!---->\n                  <div class=\"h-heading__outer style-1148 style-local-894-c9\">\n                    <!---->\n                    <!---->\n                    <h2 class=\"\">Pourquoi en parler ?&nbsp;<\/h2>\n                  <\/div>\n                <\/div>\n                <div data-colibri-id=\"894-c10\" class=\"h-text h-text-component style-1149 style-local-894-c10 position-relative h-element\">\n                  <!---->\n                  <!---->\n                  <div class=\"\">\n                    <p>Bien qu&#8217;ils ne soient pas soumis \u00e0 prescription m\u00e9dicale, les compl\u00e9ments alimentaires ne sont pas des produits \u00e0 consommer sans l&#8217;avis d&#8217;un professionnel de sant\u00e9. Ils peuvent cependant apporter un r\u00e9el b\u00e9n\u00e9fice \u00e0 votre mode de vie.<\/p>\n                    <p>D\u00e9couvrez ici les choses \u00e0 savoir sur les compl\u00e9ments alimentaires.<\/p>\n                  <\/div>\n                <\/div>\n                <div data-colibri-id=\"894-c11\" class=\"h-icon style-1152 style-local-894-c11 position-relative h-element\">\n                  <!----><span class=\"h-svg-icon h-icon__icon style-1152-icon style-local-894-c11-icon\"><!--Icon by Font Awesome (https:\/\/fontawesome.com)-->\n    <svg version=\"1.1\" xmlns=\"http:\/\/www.w3.org\/2000\/svg\" xmlns:xlink=\"http:\/\/www.w3.org\/1999\/xlink\" id=\"angle-double-down\" viewBox=\"0 0 1152 1896.0833\">\n      <path d=\"M1075 864q0 13-10 23l-466 466q-10 10-23 10t-23-10L87 887q-10-10-10-23t10-23l50-50q10-10 23-10t23 10l393 393 393-393q10-10 23-10t23 10l50 50q10 10 10 23zm0-384q0 13-10 23L599 969q-10 10-23 10t-23-10L87 503q-10-10-10-23t10-23l50-50q10-10 23-10t23 10l393 393 393-393q10-10 23-10t23 10l50 50q10 10 10 23z\"><\/path>\n    <\/svg><\/span><\/div>\n              <\/div>\n            <\/div>\n          <\/div>\n        <\/div>\n      <\/div>\n    <\/div>\n  <\/div>\n  <div data-colibri-component=\"section\" data-colibri-id=\"894-c13\" id=\"custom-2\" class=\"h-section h-section-global-spacing d-flex align-items-lg-center align-items-md-center align-items-center style-1153 style-local-894-c13 position-relative\">\n    <!---->\n    <!---->\n    <div class=\"h-section-grid-container h-section-boxed-container\">\n      <!---->\n      <div data-colibri-id=\"894-c14\" class=\"h-row-container gutters-row-lg-2 gutters-row-md-2 gutters-row-0 gutters-row-v-lg-2 gutters-row-v-md-2 gutters-row-v-2 style-1154 style-local-894-c14 position-relative\">\n        <!---->\n        <div class=\"h-row justify-content-lg-center justify-content-md-center justify-content-center align-items-lg-stretch align-items-md-stretch align-items-stretch gutters-col-lg-2 gutters-col-md-2 gutters-col-0 gutters-col-v-lg-2 gutters-col-v-md-2 gutters-col-v-2\">\n          <!---->\n          <div class=\"h-column h-column-container d-flex h-col-lg-auto h-col-md-auto h-col-auto style-1155-outer style-local-894-c15-outer\">\n            <div data-colibri-id=\"894-c15\" class=\"d-flex h-flex-basis h-column__inner h-px-lg-2 h-px-md-2 h-px-2 v-inner-lg-2 v-inner-md-2 v-inner-2 style-1155 style-local-894-c15 position-relative\">\n              <!---->\n              <!---->\n              <div class=\"w-100 h-y-container h-column__content h-column__v-align flex-basis-100 align-self-lg-start align-self-md-start align-self-start\">\n                <!---->\n                <div data-colibri-id=\"894-c16\" class=\"h-text h-text-component style-1158 style-local-894-c16 position-relative h-element\">\n                  <!---->\n                  <!---->\n                  <div class=\"\">\n                    <p>&#8220;Les compl\u00e9ments alimentaires sont toujours d&#8217;origine naturelle&#8221;\n                      <br>\n                      <br>\n                    <\/p>\n                  <\/div>\n                <\/div>\n                <div data-colibri-id=\"894-c17\" class=\"h-icon style-1160 style-local-894-c17 position-relative h-element\">\n                  <!----><span class=\"h-svg-icon h-icon__icon style-1160-icon style-local-894-c17-icon\"><!--Icon by Font Awesome (https:\/\/fontawesome.com)-->\n    <svg version=\"1.1\" xmlns=\"http:\/\/www.w3.org\/2000\/svg\" xmlns:xlink=\"http:\/\/www.w3.org\/1999\/xlink\" id=\"close\" viewBox=\"0 0 1408 1896.0833\">\n      <path d=\"M1298 1322q0 40-28 68l-136 136q-28 28-68 28t-68-28l-294-294-294 294q-28 28-68 28t-68-28l-136-136q-28-28-28-68t28-68l294-294-294-294q-28-28-28-68t28-68l136-136q28-28 68-28t68 28l294 294 294-294q28-28 68-28t68 28l136 136q28 28 28 68t-28 68L976 960l294 294q28 28 28 68z\"><\/path>\n    <\/svg><\/span><\/div>\n                <div data-colibri-id=\"894-c18\" class=\"h-text h-text-component style-1161 style-local-894-c18 position-relative h-element\">\n                  <!---->\n                  <!---->\n                  <div class=\"\">\n                    <p>FAUX<\/p>\n                  <\/div>\n                <\/div>\n                <div data-colibri-id=\"894-c19\" class=\"h-text h-text-component style-1162 style-local-894-c19 position-relative h-element\">\n                  <!---->\n                  <!---->\n                  <div class=\"\">\n                    <p>Bien qu&#8217;ils se basent sur des \u00e9l\u00e9ments retrouv\u00e9s dans notre corps ou dans les plantes, les compl\u00e9ments alimentaires peuvent parfois \u00eatre synth\u00e9tis\u00e9s en laboratoire. Ils ne sont donc pas toujours d&#8217;origine naturelle et encore moins\n                      sans danger.&nbsp;<\/p>\n                  <\/div>\n                <\/div>\n              <\/div>\n            <\/div>\n          <\/div>\n          <div class=\"h-column h-column-container d-flex h-col-lg-auto h-col-md-auto h-col-auto style-1156-outer style-local-894-c20-outer\">\n            <div data-colibri-id=\"894-c20\" class=\"d-flex h-flex-basis h-column__inner h-px-lg-2 h-px-md-2 h-px-2 v-inner-lg-2 v-inner-md-2 v-inner-2 style-1156 style-local-894-c20 position-relative\">\n              <!---->\n              <!---->\n              <div class=\"w-100 h-y-container h-column__content h-column__v-align flex-basis-100 align-self-lg-start align-self-md-start align-self-start\">\n                <!---->\n                <div data-colibri-id=\"894-c21\" class=\"h-text h-text-component style-1578 style-local-894-c21 position-relative h-element\">\n                  <!---->\n                  <!---->\n                  <div class=\"\">\n                    <p>&#8220;Donner des doses supra-physiologiques permet d&#8217;avoir des effets bien plus positifs&#8221;<\/p>\n                  <\/div>\n                <\/div>\n                <div data-colibri-id=\"894-c22\" class=\"h-icon style-1580 style-local-894-c22 position-relative h-element\">\n                  <!----><span class=\"h-svg-icon h-icon__icon style-1580-icon style-local-894-c22-icon\"><!--Icon by Font Awesome (https:\/\/fontawesome.com)-->\n    <svg version=\"1.1\" xmlns=\"http:\/\/www.w3.org\/2000\/svg\" xmlns:xlink=\"http:\/\/www.w3.org\/1999\/xlink\" id=\"remove\" viewBox=\"0 0 1408 1896.0833\">\n      <path d=\"M1298 1322q0 40-28 68l-136 136q-28 28-68 28t-68-28l-294-294-294 294q-28 28-68 28t-68-28l-136-136q-28-28-28-68t28-68l294-294-294-294q-28-28-28-68t28-68l136-136q28-28 68-28t68 28l294 294 294-294q28-28 68-28t68 28l136 136q28 28 28 68t-28 68L976 960l294 294q28 28 28 68z\"><\/path>\n    <\/svg><\/span><\/div>\n                <div data-colibri-id=\"894-c23\" class=\"h-text h-text-component style-1581 style-local-894-c23 position-relative h-element\">\n                  <!---->\n                  <!---->\n                  <div class=\"\">\n                    <p>FAUX<\/p>\n                  <\/div>\n                <\/div>\n                <div data-colibri-id=\"894-c24\" class=\"h-text h-text-component style-1582 style-local-894-c24 position-relative h-element\">\n                  <!---->\n                  <!---->\n                  <div class=\"\">\n                    <p>Il est conseill\u00e9 de prendre des compl\u00e9ments alimentaires \u00e0 des doses proches de celles que l&#8217;on pourrait retrouver dans l&#8217;alimentation. On peut parfois se retrouver l\u00e9g\u00e8rement au-dessus mais on veillera \u00e0 ne pas d\u00e9passer 3 fois les\n                      apports nutritionnels conseill\u00e9s, et cela sera uniquement pour une courte p\u00e9riode (dose de charge)<\/p>\n                  <\/div>\n                <\/div>\n              <\/div>\n            <\/div>\n          <\/div>\n          <div class=\"h-column h-column-container d-flex h-col-lg-auto h-col-md-auto h-col-auto style-1157-outer style-local-894-c25-outer\">\n            <div data-colibri-id=\"894-c25\" class=\"d-flex h-flex-basis h-column__inner h-px-lg-2 h-px-md-2 h-px-2 v-inner-lg-2 v-inner-md-2 v-inner-2 style-1157 style-local-894-c25 position-relative\">\n              <!---->\n              <!---->\n              <div class=\"w-100 h-y-container h-column__content h-column__v-align flex-basis-100 align-self-lg-start align-self-md-start align-self-start\">\n                <!---->\n                <div data-colibri-id=\"894-c26\" class=\"h-text h-text-component style-1588 style-local-894-c26 position-relative h-element\">\n                  <!---->\n                  <!---->\n                  <div class=\"\">\n                    <p>&#8220;Toutes les souches probiotiques se valent&#8221;\n                      <br>\n                      <br>\n                    <\/p>\n                  <\/div>\n                <\/div>\n                <div data-colibri-id=\"894-c27\" class=\"h-icon style-1590 style-local-894-c27 position-relative h-element\">\n                  <!----><span class=\"h-svg-icon h-icon__icon style-1590-icon style-local-894-c27-icon\"><!--Icon by Font Awesome (https:\/\/fontawesome.com)-->\n    <svg version=\"1.1\" xmlns=\"http:\/\/www.w3.org\/2000\/svg\" xmlns:xlink=\"http:\/\/www.w3.org\/1999\/xlink\" id=\"remove\" viewBox=\"0 0 1408 1896.0833\">\n      <path d=\"M1298 1322q0 40-28 68l-136 136q-28 28-68 28t-68-28l-294-294-294 294q-28 28-68 28t-68-28l-136-136q-28-28-28-68t28-68l294-294-294-294q-28-28-28-68t28-68l136-136q28-28 68-28t68 28l294 294 294-294q28-28 68-28t68 28l136 136q28 28 28 68t-28 68L976 960l294 294q28 28 28 68z\"><\/path>\n    <\/svg><\/span><\/div>\n                <div data-colibri-id=\"894-c28\" class=\"h-text h-text-component style-1591 style-local-894-c28 position-relative h-element\">\n                  <!---->\n                  <!---->\n                  <div class=\"\">\n                    <p>FAUX<\/p>\n                  <\/div>\n                <\/div>\n                <div data-colibri-id=\"894-c29\" class=\"h-text h-text-component style-1592 style-local-894-c29 position-relative h-element\">\n                  <!---->\n                  <!---->\n                  <div class=\"\">\n                    <p>Les probiotiques sont des bonnes bact\u00e9ries qui ont un effet positif sur l&#8217;organisme. Cependant, les effets d\u00e9pendent de la souche bact\u00e9rienne : il n&#8217;y a pas d&#8217;\u00e9quivalence syst\u00e9matique d&#8217;une souche \u00e0 l&#8217;autre. Chaque souche a ses propri\u00e9t\u00e9s\n                      sp\u00e9cifiques.<\/p>\n                  <\/div>\n                <\/div>\n              <\/div>\n            <\/div>\n          <\/div>\n        <\/div>\n      <\/div>\n    <\/div>\n  <\/div>\n  <div data-colibri-component=\"section\" data-colibri-id=\"894-c30\" id=\"custom-3\" class=\"h-section h-section-global-spacing d-flex align-items-lg-center align-items-md-center align-items-center style-1567 style-local-894-c30 position-relative\">\n    <!---->\n    <!---->\n    <div class=\"h-section-grid-container h-section-boxed-container\">\n      <!---->\n      <div data-colibri-id=\"894-c31\" class=\"h-row-container gutters-row-lg-2 gutters-row-md-2 gutters-row-0 gutters-row-v-lg-2 gutters-row-v-md-2 gutters-row-v-2 style-1568 style-local-894-c31 position-relative\">\n        <!---->\n        <div class=\"h-row justify-content-lg-center justify-content-md-center justify-content-center align-items-lg-stretch align-items-md-stretch align-items-stretch gutters-col-lg-2 gutters-col-md-2 gutters-col-0 gutters-col-v-lg-2 gutters-col-v-md-2 gutters-col-v-2\">\n          <!---->\n          <div class=\"h-column h-column-container d-flex h-col-lg-auto h-col-md-auto h-col-auto style-1569-outer style-local-894-c32-outer\">\n            <div data-colibri-id=\"894-c32\" class=\"d-flex h-flex-basis h-column__inner h-px-lg-2 h-px-md-2 h-px-2 v-inner-lg-2 v-inner-md-2 v-inner-2 style-1569 style-local-894-c32 position-relative\">\n              <!---->\n              <!---->\n              <div class=\"w-100 h-y-container h-column__content h-column__v-align flex-basis-100 align-self-lg-start align-self-md-start align-self-start\">\n                <!---->\n                <div data-colibri-id=\"894-c33\" class=\"h-text h-text-component style-1572 style-local-894-c33 position-relative h-element\">\n                  <!---->\n                  <!---->\n                  <div class=\"\">\n                    <p>&#8220;Les vitamines naturelles sont plus efficaces&#8221;\n                      <br>\n                      <br>\n                    <\/p>\n                  <\/div>\n                <\/div>\n                <div data-colibri-id=\"894-c34\" class=\"h-icon style-1574 style-local-894-c34 position-relative h-element\">\n                  <!----><span class=\"h-svg-icon h-icon__icon style-1574-icon style-local-894-c34-icon\"><!--Icon by Font Awesome (https:\/\/fontawesome.com)-->\n    <svg version=\"1.1\" xmlns=\"http:\/\/www.w3.org\/2000\/svg\" xmlns:xlink=\"http:\/\/www.w3.org\/1999\/xlink\" id=\"check\" viewBox=\"0 0 1792 1896.0833\">\n      <path d=\"M1671 566q0 40-28 68l-724 724-136 136q-28 28-68 28t-68-28l-136-136-362-362q-28-28-28-68t28-68l136-136q28-28 68-28t68 28l294 295 656-657q28-28 68-28t68 28l136 136q28 28 28 68z\"><\/path>\n    <\/svg><\/span><\/div>\n                <div data-colibri-id=\"894-c35\" class=\"h-text h-text-component style-1577 style-local-894-c35 position-relative h-element\">\n                  <!---->\n                  <!---->\n                  <div class=\"\">\n                    <p>VRAI<\/p>\n                  <\/div>\n                <\/div>\n                <div data-colibri-id=\"894-c36\" class=\"h-text h-text-component style-1576 style-local-894-c36 position-relative h-element\">\n                  <!---->\n                  <!---->\n                  <div class=\"\">\n                    <p>Lors des essais cliniques, on observe des diff\u00e9rences significatives entre les formes synth\u00e9tiques et les formes d&#8217;origine naturelle. Par exemple, la vitamine E naturelle comporte plusieurs formes alors que la synth\u00e9tique n&#8217;apporte\n                      qu&#8217;une seule de ces formes.<\/p>\n                  <\/div>\n                <\/div>\n              <\/div>\n            <\/div>\n          <\/div>\n          <div class=\"h-column h-column-container d-flex h-col-lg-auto h-col-md-auto h-col-auto style-1570-outer style-local-894-c37-outer\">\n            <div data-colibri-id=\"894-c37\" class=\"d-flex h-flex-basis h-column__inner h-px-lg-2 h-px-md-2 h-px-2 v-inner-lg-2 v-inner-md-2 v-inner-2 style-1570 style-local-894-c37 position-relative\">\n              <!---->\n              <!---->\n              <div class=\"w-100 h-y-container h-column__content h-column__v-align flex-basis-100 align-self-lg-start align-self-md-start align-self-start\">\n                <!---->\n                <div data-colibri-id=\"894-c38\" class=\"h-text h-text-component style-1583 style-local-894-c38 position-relative h-element\">\n                  <!---->\n                  <!---->\n                  <div class=\"\">\n                    <p>&#8220;Il existe des horaires de prises pour les compl\u00e9ments alimentaires&#8221;<\/p>\n                  <\/div>\n                <\/div>\n                <div data-colibri-id=\"894-c39\" class=\"h-icon style-1585 style-local-894-c39 position-relative h-element\">\n                  <!----><span class=\"h-svg-icon h-icon__icon style-1585-icon style-local-894-c39-icon\"><!--Icon by Font Awesome (https:\/\/fontawesome.com)-->\n    <svg version=\"1.1\" xmlns=\"http:\/\/www.w3.org\/2000\/svg\" xmlns:xlink=\"http:\/\/www.w3.org\/1999\/xlink\" id=\"check\" viewBox=\"0 0 1792 1896.0833\">\n      <path d=\"M1671 566q0 40-28 68l-724 724-136 136q-28 28-68 28t-68-28l-136-136-362-362q-28-28-28-68t28-68l136-136q28-28 68-28t68 28l294 295 656-657q28-28 68-28t68 28l136 136q28 28 28 68z\"><\/path>\n    <\/svg><\/span><\/div>\n                <div data-colibri-id=\"894-c40\" class=\"h-text h-text-component style-1586 style-local-894-c40 position-relative h-element\">\n                  <!---->\n                  <!---->\n                  <div class=\"\">\n                    <p>VRAI<\/p>\n                  <\/div>\n                <\/div>\n                <div data-colibri-id=\"894-c41\" class=\"h-text h-text-component style-1587 style-local-894-c41 position-relative h-element\">\n                  <!---->\n                  <!---->\n                  <div class=\"\">\n                    <p>Il existe en effet une chronobiologie que l&#8217;on doit respecter. Cela permettra d&#8217;augmenter l&#8217;efficacit\u00e9 et la biodisponibilit\u00e9 ainsi que la tol\u00e9rance du compl\u00e9ment alimentaire. Cela est surtout valable pour les compl\u00e9ments agissant\n                      sur la synth\u00e8se de neurotransmetteurs.<\/p>\n                  <\/div>\n                <\/div>\n              <\/div>\n            <\/div>\n          <\/div>\n        <\/div>\n      <\/div>\n    <\/div>\n  <\/div>\n<\/div>","protected":false},"excerpt":{"rendered":"<p>Les compl\u00e9ments alimentaires Pourquoi en parler ?&nbsp; Bien qu&#8217;ils ne soient pas soumis \u00e0 prescription m\u00e9dicale, les compl\u00e9ments alimentaires ne sont pas des produits \u00e0 consommer sans l&#8217;avis d&#8217;un professionnel de sant\u00e9. Ils peuvent cependant apporter un r\u00e9el b\u00e9n\u00e9fice \u00e0 votre mode de vie. D\u00e9couvrez ici les choses \u00e0 savoir sur les compl\u00e9ments alimentaires. &#8220;Les [&hellip;]<\/p>\n","protected":false},"author":1,"featured_media":0,"parent":0,"menu_order":0,"comment_status":"closed","ping_status":"closed","template":"page-templates\/full-width-page.php","meta":{"footnotes":""},"class_list":["post-894","page","type-page","status-publish","hentry"],"_links":{"self":[{"href":"https:\/\/sante-nutrition.be\/index.php\/wp-json\/wp\/v2\/pages\/894","targetHints":{"allow":["GET"]}}],"collection":[{"href":"https:\/\/sante-nutrition.be\/index.php\/wp-json\/wp\/v2\/pages"}],"about":[{"href":"https:\/\/sante-nutrition.be\/index.php\/wp-json\/wp\/v2\/types\/page"}],"author":[{"embeddable":true,"href":"https:\/\/sante-nutrition.be\/index.php\/wp-json\/wp\/v2\/users\/1"}],"replies":[{"embeddable":true,"href":"https:\/\/sante-nutrition.be\/index.php\/wp-json\/wp\/v2\/comments?post=894"}],"version-history":[{"count":5,"href":"https:\/\/sante-nutrition.be\/index.php\/wp-json\/wp\/v2\/pages\/894\/revisions"}],"predecessor-version":[{"id":2226,"href":"https:\/\/sante-nutrition.be\/index.php\/wp-json\/wp\/v2\/pages\/894\/revisions\/2226"}],"wp:attachment":[{"href":"https:\/\/sante-nutrition.be\/index.php\/wp-json\/wp\/v2\/media?parent=894"}],"curies":[{"name":"wp","href":"https:\/\/api.w.org\/{rel}","templated":true}]}}