{"id":805,"date":"2023-11-21T10:30:55","date_gmt":"2023-11-21T09:30:55","guid":{"rendered":"https:\/\/sante-nutrition.be\/index.php\/mon-activite\/"},"modified":"2025-06-07T15:25:17","modified_gmt":"2025-06-07T13:25:17","slug":"mon-activite","status":"publish","type":"page","link":"https:\/\/sante-nutrition.be\/index.php\/mon-activite\/","title":{"rendered":"Mon activit\u00e9"},"content":{"rendered":"<div data-colibri-id=\"805-c42\" class=\"style-861 style-local-805-c42 position-relative\">\n  <!---->\n  <div data-colibri-component=\"section\" data-colibri-id=\"805-c43\" id=\"overlappable-2\" class=\"h-section h-section-global-spacing d-flex align-items-lg-center align-items-md-center align-items-center style-870 style-local-805-c43 position-relative\">\n    <!---->\n    <!---->\n    <div class=\"h-section-grid-container h-section-boxed-container\">\n      <!---->\n      <div data-colibri-id=\"805-c44\" class=\"h-row-container gutters-row-lg-2 gutters-row-md-2 gutters-row-0 gutters-row-v-lg-2 gutters-row-v-md-2 gutters-row-v-2 style-1047 style-local-805-c44 position-relative\">\n        <!---->\n        <div class=\"h-row justify-content-lg-center justify-content-md-center justify-content-center align-items-lg-stretch align-items-md-stretch align-items-stretch gutters-col-lg-2 gutters-col-md-2 gutters-col-0 gutters-col-v-lg-2 gutters-col-v-md-2 gutters-col-v-2\">\n          <!---->\n          <div class=\"h-column h-column-container d-flex h-col-lg-auto h-col-md-auto h-col-auto style-1048-outer style-local-805-c45-outer\">\n            <div data-colibri-id=\"805-c45\" class=\"d-flex h-flex-basis h-column__inner h-px-lg-2 h-px-md-2 h-px-2 v-inner-lg-2 v-inner-md-2 v-inner-2 style-1048 style-local-805-c45 position-relative\">\n              <!---->\n              <!---->\n              <div class=\"w-100 h-y-container h-column__content h-column__v-align flex-basis-100 align-self-lg-start align-self-md-start align-self-start\">\n                <!---->\n                <div data-colibri-id=\"805-c46\" class=\"h-global-transition-all h-heading style-1096 style-local-805-c46 position-relative h-element\">\n                  <!---->\n                  <div class=\"h-heading__outer style-1096 style-local-805-c46\">\n                    <!---->\n                    <!---->\n                    <h1 class=\"\">\n                      <br>Mon activit\u00e9<\/h1>\n                  <\/div>\n                <\/div>\n              <\/div>\n            <\/div>\n          <\/div>\n        <\/div>\n      <\/div>\n      <div data-colibri-id=\"805-c47\" class=\"h-row-container gutters-row-lg-0 gutters-row-md-0 gutters-row-2 gutters-row-v-lg-0 gutters-row-v-md-0 gutters-row-v-2 style-871 style-local-805-c47 position-relative\">\n        <!---->\n        <div class=\"h-row justify-content-lg-center justify-content-md-center justify-content-center align-items-lg-stretch align-items-md-stretch align-items-stretch gutters-col-lg-0 gutters-col-md-0 gutters-col-2 gutters-col-v-lg-0 gutters-col-v-md-0 gutters-col-v-2\">\n          <!---->\n          <div class=\"h-column h-column-container d-flex h-col-lg-4 h-col-md-4 h-col-12 style-872-outer style-local-805-c48-outer\">\n            <div data-colibri-id=\"805-c48\" class=\"d-flex h-flex-basis h-column__inner h-px-lg-3 h-px-md-3 h-px-2 v-inner-lg-3 v-inner-md-3 v-inner-2 style-872 style-local-805-c48 position-relative\">\n              <!---->\n              <!---->\n              <div class=\"w-100 h-y-container h-column__content h-column__v-align flex-basis-100 align-self-lg-start align-self-md-start align-self-start\">\n                <!---->\n                <div data-colibri-id=\"805-c49\" class=\"h-icon style-873 style-local-805-c49 position-relative h-element\">\n                  <!----><span class=\"h-svg-icon h-icon__icon style-873-icon style-local-805-c49-icon\"><!--Icon by Font Awesome (https:\/\/fontawesome.com)-->\n    <svg version=\"1.1\" xmlns=\"http:\/\/www.w3.org\/2000\/svg\" xmlns:xlink=\"http:\/\/www.w3.org\/1999\/xlink\" id=\"comments\" viewBox=\"0 0 1792 1896.0833\">\n      <path d=\"M1408 768q0 139-94 257t-256.5 186.5T704 1280q-86 0-176-16-124 88-278 128-36 9-86 16h-3q-11 0-20.5-8t-11.5-21q-1-3-1-6.5t.5-6.5 2-6l2.5-5 3.5-5.5 4-5 4.5-5 4-4.5q5-6 23-25t26-29.5 22.5-29 25-38.5 20.5-44q-124-72-195-177T0 768q0-139 94-257t256.5-186.5T704 256t353.5 68.5T1314 511t94 257zm384 256q0 120-71 224.5T1526 1425q10 24 20.5 44t25 38.5 22.5 29 26 29.5 23 25q1 1 4 4.5t4.5 5 4 5 3.5 5.5l2.5 5 2 6 .5 6.5-1 6.5q-3 14-13 22t-22 7q-50-7-86-16-154-40-278-128-90 16-176 16-271 0-472-132 58 4 88 4 161 0 309-45t264-129q125-92 192-212t67-254q0-77-23-152 129 71 204 178t75 230z\"><\/path>\n    <\/svg><\/span><\/div>\n                <div data-colibri-id=\"805-c50\" class=\"h-global-transition-all h-heading style-874 style-local-805-c50 position-relative h-element\">\n                  <!---->\n                  <div class=\"h-heading__outer style-874 style-local-805-c50\">\n                    <!---->\n                    <!---->\n                    <h5 class=\"\">Le premier rendez-vous<\/h5>\n                  <\/div>\n                <\/div>\n                <div data-colibri-id=\"805-c51\" class=\"h-text h-text-component style-875 style-local-805-c51 position-relative h-element\">\n                  <!---->\n                  <!---->\n                  <div class=\"\">\n                    <p>Lors de ce premier rendez-vous, je prends le temps de vous connaitre, de cerner vos habitudes alimentaires et votre mode de vie. C&#8217;est \u00e9galement le moment pour prendre les mesures (poids, taille, imp\u00e9dancem\u00e9trie) et d\u00e9finir ensemble\n                      vos objectifs.&nbsp;<\/p>\n                  <\/div>\n                <\/div>\n                <div data-colibri-id=\"805-c52\" class=\"h-x-container style-876 style-local-805-c52 position-relative h-element\">\n                  <!---->\n                  <div class=\"h-x-container-inner style-dynamic-805-c52-group style-876-spacing style-local-805-c52-spacing\"><span class=\"h-link__outer style-877-outer style-local-805-c53-outer d-inline-flex h-element\"><a h-use-smooth-scroll=\"true\" href=\"https:\/\/rosa.be\/fr\/hp\/florine-pierard\/\" target=\"_blank\"  data-colibri-id=\"805-c53\" class=\"d-flex w-100 align-items-center h-link style-877 style-local-805-c53 position-relative\"><!----><!----> <span>Prise de rendez-vous<\/span>                    <span class=\"h-svg-icon h-link__icon style-877-icon style-local-805-c53-icon\"><!--Icon by Icons8 Line Awesome (https:\/\/icons8.com\/line-awesome)--><svg version=\"1.1\" xmlns=\"http:\/\/www.w3.org\/2000\/svg\" xmlns:xlink=\"http:\/\/www.w3.org\/1999\/xlink\" id=\"angle-double-right\" viewBox=\"0 0 512 545.5\"><path d=\"M145.5 108.5l168 168L325 288l-11.5 11.5-168 168-22.5-23L279.5 288 123 131.5zm112 0l168 168L437 288l-11.5 11.5-168 168-22.5-23L391.5 288 235 131.5z\"><\/path><\/svg><\/span><\/a>\n                    <\/span>\n                  <\/div>\n                <\/div>\n              <\/div>\n            <\/div>\n          <\/div>\n          <div class=\"h-column h-column-container d-flex h-col-lg-4 h-col-md-4 h-col-12 style-872-outer style-local-805-c54-outer\">\n            <div data-colibri-id=\"805-c54\" class=\"d-flex h-flex-basis h-column__inner h-px-lg-3 h-px-md-3 h-px-2 v-inner-lg-3 v-inner-md-3 v-inner-2 style-872 style-local-805-c54 position-relative\">\n              <!---->\n              <!---->\n              <div class=\"w-100 h-y-container h-column__content h-column__v-align flex-basis-100 align-self-lg-start align-self-md-start align-self-start\">\n                <!---->\n                <div data-colibri-id=\"805-c55\" class=\"h-icon style-873 style-local-805-c55 position-relative h-element\">\n                  <!----><span class=\"h-svg-icon h-icon__icon style-873-icon style-local-805-c55-icon\"><!--Icon by Font Awesome (https:\/\/fontawesome.com)-->\n    <svg version=\"1.1\" xmlns=\"http:\/\/www.w3.org\/2000\/svg\" xmlns:xlink=\"http:\/\/www.w3.org\/1999\/xlink\" id=\"pencil\" viewBox=\"0 0 1536 1896.0833\">\n      <path d=\"M363 1536l91-91-235-235-91 91v107h128v128h107zm523-928q0-22-22-22-10 0-17 7l-542 542q-7 7-7 17 0 22 22 22 10 0 17-7l542-542q7-7 7-17zm-54-192l416 416-832 832H0v-416zm683 96q0 53-37 90l-166 166-416-416 166-165q36-38 90-38 53 0 91 38l235 234q37 39 37 91z\"><\/path>\n    <\/svg><\/span><\/div>\n                <div data-colibri-id=\"805-c56\" class=\"h-global-transition-all h-heading style-874 style-local-805-c56 position-relative h-element\">\n                  <!---->\n                  <div class=\"h-heading__outer style-874 style-local-805-c56\">\n                    <!---->\n                    <!---->\n                    <h5 class=\"\">LA PRESCRIPTION<\/h5>\n                  <\/div>\n                <\/div>\n                <div data-colibri-id=\"805-c57\" class=\"h-text h-text-component style-875 style-local-805-c57 position-relative h-element\">\n                  <!---->\n                  <!---->\n                  <div class=\"\">\n                    <p>Au terme de ce premier rendez-vous, je vous prescris une s\u00e9rie de conseils. Cela passe par des adaptations di\u00e9t\u00e9tiques (modification du petit-d\u00e9jeuner par exemple), des conseils de mode de vie ou encore la prescription de compl\u00e9ments\n                      alimentaires.<\/p>\n                  <\/div>\n                <\/div>\n                <div data-colibri-id=\"805-c58\" class=\"h-x-container style-876 style-local-805-c58 position-relative h-element\">\n                  <!---->\n                  <div class=\"h-x-container-inner style-dynamic-805-c58-group style-876-spacing style-local-805-c58-spacing\"><span class=\"h-link__outer style-877-outer style-local-805-c59-outer d-inline-flex h-element\"><a h-use-smooth-scroll=\"true\" href=\"https:\/\/sante-nutrition.be\/index.php\/complements-alimentaires\/\" target=\"_blank\"  data-colibri-id=\"805-c59\" class=\"d-flex w-100 align-items-center h-link style-877 style-local-805-c59 position-relative\"><!----><!----> <span>Zoom sur les compl\u00e9ments alimentaires<\/span>                    <span class=\"h-svg-icon h-link__icon style-877-icon style-local-805-c59-icon\"><!--Icon by Icons8 Line Awesome (https:\/\/icons8.com\/line-awesome)--><svg version=\"1.1\" xmlns=\"http:\/\/www.w3.org\/2000\/svg\" xmlns:xlink=\"http:\/\/www.w3.org\/1999\/xlink\" id=\"angle-double-right\" viewBox=\"0 0 512 545.5\"><path d=\"M145.5 108.5l168 168L325 288l-11.5 11.5-168 168-22.5-23L279.5 288 123 131.5zm112 0l168 168L437 288l-11.5 11.5-168 168-22.5-23L391.5 288 235 131.5z\"><\/path><\/svg><\/span><\/a>\n                    <\/span>\n                  <\/div>\n                <\/div>\n              <\/div>\n            <\/div>\n          <\/div>\n          <div class=\"h-column h-column-container d-flex h-col-lg-4 h-col-md-4 h-col-12 style-872-outer style-local-805-c60-outer\">\n            <div data-colibri-id=\"805-c60\" class=\"d-flex h-flex-basis h-column__inner h-px-lg-3 h-px-md-3 h-px-2 v-inner-lg-3 v-inner-md-3 v-inner-2 style-872 style-local-805-c60 position-relative\">\n              <!---->\n              <!---->\n              <div class=\"w-100 h-y-container h-column__content h-column__v-align flex-basis-100 align-self-lg-start align-self-md-start align-self-start\">\n                <!---->\n                <div data-colibri-id=\"805-c61\" class=\"h-icon style-873 style-local-805-c61 position-relative h-element\">\n                  <!----><span class=\"h-svg-icon h-icon__icon style-873-icon style-local-805-c61-icon\"><!--Icon by Font Awesome (https:\/\/fontawesome.com)-->\n    <svg version=\"1.1\" xmlns=\"http:\/\/www.w3.org\/2000\/svg\" xmlns:xlink=\"http:\/\/www.w3.org\/1999\/xlink\" id=\"stethoscope\" viewBox=\"0 0 1408 1896.0833\">\n      <path d=\"M1280 704q0-26-19-45t-45-19-45 19-19 45 19 45 45 19 45-19 19-45zm128 0q0 62-35.5 111t-92.5 70v395q0 159-131.5 271.5T832 1664t-316.5-112.5T384 1280v-132q-164-20-274-128T0 768V256q0-26 19-45t45-19q6 0 16 2 17-30 47-48t65-18q53 0 90.5 37.5T320 256t-37.5 90.5T192 384q-33 0-64-18v402q0 106 94 181t226 75 226-75 94-181V366q-31 18-64 18-53 0-90.5-37.5T576 256t37.5-90.5T704 128q35 0 65 18t47 48q10-2 16-2 26 0 45 19t19 45v512q0 144-110 252t-274 128v132q0 106 94 181t226 75 226-75 94-181V885q-57-21-92.5-70T1024 704q0-80 56-136t136-56 136 56 56 136z\"><\/path>\n    <\/svg><\/span><\/div>\n                <div data-colibri-id=\"805-c62\" class=\"h-global-transition-all h-heading style-874 style-local-805-c62 position-relative h-element\">\n                  <!---->\n                  <div class=\"h-heading__outer style-874 style-local-805-c62\">\n                    <!---->\n                    <!---->\n                    <h5 class=\"\">LE SUIVI<\/h5>\n                  <\/div>\n                <\/div>\n                <div data-colibri-id=\"805-c63\" class=\"h-text h-text-component style-875 style-local-805-c63 position-relative h-element\">\n                  <!---->\n                  <!---->\n                  <div class=\"\">\n                    <p>Les rendez-vous suivants sont fix\u00e9s en concertation, selon vos objectifs et vos besoins. Nous veillons ensemble au bon suivi des conseils et nous pouvons en ajouter des noveaux lorsque cela s&#8217;av\u00e8re n\u00e9cessaire.&nbsp;<\/p>\n                  <\/div>\n                <\/div>\n              <\/div>\n            <\/div>\n          <\/div>\n        <\/div>\n      <\/div>\n    <\/div>\n  <\/div>\n  <div data-colibri-component=\"section\" data-colibri-id=\"805-c64\" id=\"reusable-sections\" class=\"h-section h-section-global-spacing d-flex align-items-lg-center align-items-md-center align-items-center style-1977 style-local-805-c64 position-relative\">\n    <!---->\n    <!---->\n    <div class=\"h-section-grid-container h-section-boxed-container\">\n      <!---->\n      <div data-colibri-id=\"805-c65\" class=\"h-row-container gutters-row-lg-0 gutters-row-md-0 gutters-row-2 gutters-row-v-lg-0 gutters-row-v-md-0 gutters-row-v-2 style-1978 style-local-805-c65 position-relative\">\n        <!---->\n        <div class=\"h-row justify-content-lg-center justify-content-md-center justify-content-center align-items-lg-stretch align-items-md-stretch align-items-stretch gutters-col-lg-0 gutters-col-md-0 gutters-col-2 gutters-col-v-lg-0 gutters-col-v-md-0 gutters-col-v-2\">\n          <!---->\n          <div class=\"h-column h-column-container d-flex h-col-lg-4 h-col-md-4 h-col-12 style-1979-outer style-local-805-c66-outer\">\n            <div data-colibri-id=\"805-c66\" class=\"d-flex h-flex-basis h-column__inner h-px-lg-3 h-px-md-3 h-px-2 v-inner-lg-3 v-inner-md-3 v-inner-2 style-1979 style-local-805-c66 position-relative\">\n              <!---->\n              <!---->\n              <div class=\"w-100 h-y-container h-column__content h-column__v-align flex-basis-100 align-self-lg-start align-self-md-start align-self-start\">\n                <!---->\n                <div data-colibri-id=\"805-c67\" class=\"h-icon style-1980 style-local-805-c67 position-relative h-element\">\n                  <!----><span class=\"h-svg-icon h-icon__icon style-1980-icon style-local-805-c67-icon\"><!--Icon by Font Awesome (https:\/\/fontawesome.com)-->\n    <svg version=\"1.1\" xmlns=\"http:\/\/www.w3.org\/2000\/svg\" xmlns:xlink=\"http:\/\/www.w3.org\/1999\/xlink\" id=\"euro\" viewBox=\"0 0 1218.7993 1896.0833\">\n      <path d=\"M976 1307l35 159q3 12-3 22.5t-17 14.5l-5 1q-4 2-10.5 3.5t-16 4.5-21.5 5.5-25.5 5-30 5-33.5 4.5-36.5 3-38.5 1q-234 0-409-130.5T127 1054H32q-13 0-22.5-9.5T0 1022V909q0-13 9.5-22.5T32 877h66q-2-57 1-105H32q-14 0-23-9t-9-23V626q0-14 9-23t23-9h98q67-210 243.5-338T774 128q102 0 194 23 11 3 20 15 6 11 3 24l-43 159q-3 13-14 19.5t-24 2.5l-4-1q-4-1-11.5-2.5L877 364l-22.5-3.5-26-3-29-2.5-29.5-1q-126 0-226 64T394 594h468q16 0 25 12 10 12 7 26l-24 114q-5 26-32 26H350q-3 37 0 105h459q15 0 25 12 9 12 6 27l-24 112q-2 11-11 18.5t-20 7.5H398q48 117 149.5 185.5T776 1308q18 0 36-1.5t33.5-3.5 29.5-4.5 24.5-5 18.5-4.5l12-3 5-2q13-5 26 2 12 7 15 21z\"><\/path>\n    <\/svg><\/span><\/div>\n                <div data-colibri-id=\"805-c68\" class=\"h-global-transition-all h-heading style-1981 style-local-805-c68 position-relative h-element\">\n                  <!---->\n                  <div class=\"h-heading__outer style-1981 style-local-805-c68\">\n                    <!---->\n                    <!---->\n                    <h5 class=\"\">Mes tarifs<\/h5>\n                  <\/div>\n                <\/div>\n                <div data-colibri-id=\"805-c69\" class=\"h-text h-text-component style-1982 style-local-805-c69 position-relative h-element\">\n                  <!---->\n                  <!---->\n                  <div class=\"\">\n                    <p>Le prix d&#8217;une consultation est de 60\u20ac. Pour l&#8217;instant, les consultations par les nutrith\u00e9rapeutes ne sont pas rembours\u00e9s par la mutuelle.<\/p>\n                  <\/div>\n                <\/div>\n              <\/div>\n            <\/div>\n          <\/div>\n          <div class=\"h-column h-column-container d-flex h-col-lg-4 h-col-md-4 h-col-12 style-1979-outer style-local-805-c70-outer\">\n            <div data-colibri-id=\"805-c70\" class=\"d-flex h-flex-basis h-column__inner h-px-lg-3 h-px-md-3 h-px-2 v-inner-lg-3 v-inner-md-3 v-inner-2 style-1979 style-local-805-c70 position-relative\">\n              <!---->\n              <!---->\n              <div class=\"w-100 h-y-container h-column__content h-column__v-align flex-basis-100 align-self-lg-start align-self-md-start align-self-start\">\n                <!---->\n                <div data-colibri-id=\"805-c71\" class=\"h-icon style-1980 style-local-805-c71 position-relative h-element\">\n                  <!----><span class=\"h-svg-icon h-icon__icon style-1980-icon style-local-805-c71-icon\"><!--Icon by Font Awesome (https:\/\/fontawesome.com)-->\n    <svg version=\"1.1\" xmlns=\"http:\/\/www.w3.org\/2000\/svg\" xmlns:xlink=\"http:\/\/www.w3.org\/1999\/xlink\" id=\"exchange\" viewBox=\"0 0 1792 1896.0833\">\n      <path d=\"M1792 1184v192q0 13-9.5 22.5t-22.5 9.5H384v192q0 13-9.5 22.5T352 1632q-12 0-24-10L9 1302q-9-9-9-22 0-14 9-23l320-320q9-9 23-9 13 0 22.5 9.5T384 960v192h1376q13 0 22.5 9.5t9.5 22.5zm0-544q0 14-9 23l-320 320q-9 9-23 9-13 0-22.5-9.5T1408 960V768H32q-13 0-22.5-9.5T0 736V544q0-13 9.5-22.5T32 512h1376V320q0-14 9-23t23-9q12 0 24 10l319 319q9 9 9 23z\"><\/path>\n    <\/svg><\/span><\/div>\n                <div data-colibri-id=\"805-c72\" class=\"h-global-transition-all h-heading style-1981 style-local-805-c72 position-relative h-element\">\n                  <!---->\n                  <div class=\"h-heading__outer style-1981 style-local-805-c72\">\n                    <!---->\n                    <!---->\n                    <h5 class=\"\">\u00e9change avec d&#8217;autres professionnels<\/h5>\n                  <\/div>\n                <\/div>\n                <div data-colibri-id=\"805-c73\" class=\"h-text h-text-component style-1982 style-local-805-c73 position-relative h-element\">\n                  <!---->\n                  <!---->\n                  <div class=\"\">\n                    <p>Il est tout \u00e0 fait possible, \u00e0 votre demande, que j&#8217;\u00e9change avec votre m\u00e9decin traitant ou un autre professionnel de sant\u00e9. N&#8217;h\u00e9sitez pas \u00e0 me faire part de votre demande.<\/p>\n                  <\/div>\n                <\/div>\n              <\/div>\n            <\/div>\n          <\/div>\n          <div class=\"h-column h-column-container d-flex h-col-lg-4 h-col-md-4 h-col-12 style-1979-outer style-local-805-c74-outer\">\n            <div data-colibri-id=\"805-c74\" class=\"d-flex h-flex-basis h-column__inner h-px-lg-3 h-px-md-3 h-px-2 v-inner-lg-3 v-inner-md-3 v-inner-2 style-1979 style-local-805-c74 position-relative\">\n              <!---->\n              <!---->\n              <div class=\"w-100 h-y-container h-column__content h-column__v-align flex-basis-100 align-self-lg-start align-self-md-start align-self-start\">\n                <!---->\n                <div data-colibri-id=\"805-c75\" class=\"h-icon style-1980 style-local-805-c75 position-relative h-element\">\n                  <!----><span class=\"h-svg-icon h-icon__icon style-1980-icon style-local-805-c75-icon\"><!--Icon by Font Awesome (https:\/\/fontawesome.com)-->\n    <svg version=\"1.1\" xmlns=\"http:\/\/www.w3.org\/2000\/svg\" xmlns:xlink=\"http:\/\/www.w3.org\/1999\/xlink\" id=\"hourglass-1\" viewBox=\"0 0 1637.0876 1896.0833\">\n      <path d=\"M1408 128q0 261-106.5 461.5T1035 896q160 106 266.5 306.5T1408 1664h96q14 0 23 9t9 23v64q0 14-9 23t-23 9H32q-14 0-23-9t-9-23v-64q0-14 9-23t23-9h96q0-261 106.5-461.5T501 896Q341 790 234.5 589.5T128 128H32q-14 0-23-9T0 96V32Q0 18 9 9t23-9h1472q14 0 23 9t9 23v64q0 14-9 23t-23 9h-96zm-128 0H256q0 66 9 128h1006q9-61 9-128zm0 1536q0-130-34-249.5t-90.5-208-126.5-152T883 960H653q-76 31-146 94.5t-126.5 152-90.5 208-34 249.5h1024z\"><\/path>\n    <\/svg><\/span><\/div>\n                <div data-colibri-id=\"805-c76\" class=\"h-global-transition-all h-heading style-1981 style-local-805-c76 position-relative h-element\">\n                  <!---->\n                  <div class=\"h-heading__outer style-1981 style-local-805-c76\">\n                    <!---->\n                    <!---->\n                    <h5 class=\"\">Et apr\u00e8s ?&nbsp;<\/h5>\n                  <\/div>\n                <\/div>\n                <div data-colibri-id=\"805-c77\" class=\"h-text h-text-component style-1982 style-local-805-c77 position-relative h-element\">\n                  <!---->\n                  <!---->\n                  <div class=\"\">\n                    <p>Une fois que votre objectif est atteint ou que vous avez toutes les cl\u00e9s en main pour y arriver, le suivi se cl\u00f4ture. Je reste cependant toujours disponible pour r\u00e9pondre \u00e0 vos questions, par mail, t\u00e9l\u00e9phone ou au cours d&#8217;un nouvel\n                      entretien.<\/p>\n                  <\/div>\n                <\/div>\n              <\/div>\n            <\/div>\n          <\/div>\n        <\/div>\n      <\/div>\n    <\/div>\n  <\/div>\n<\/div>","protected":false},"excerpt":{"rendered":"<p>Mon activit\u00e9 Le premier rendez-vous Lors de ce premier rendez-vous, je prends le temps de vous connaitre, de cerner vos habitudes alimentaires et votre mode de vie. C&#8217;est \u00e9galement le moment pour prendre les mesures (poids, taille, imp\u00e9dancem\u00e9trie) et d\u00e9finir ensemble vos objectifs.&nbsp; Prise de rendez-vous LA PRESCRIPTION Au terme de ce premier rendez-vous, je [&hellip;]<\/p>\n","protected":false},"author":1,"featured_media":0,"parent":0,"menu_order":0,"comment_status":"closed","ping_status":"closed","template":"page-templates\/full-width-page.php","meta":{"footnotes":""},"class_list":["post-805","page","type-page","status-publish","hentry"],"_links":{"self":[{"href":"https:\/\/sante-nutrition.be\/index.php\/wp-json\/wp\/v2\/pages\/805","targetHints":{"allow":["GET"]}}],"collection":[{"href":"https:\/\/sante-nutrition.be\/index.php\/wp-json\/wp\/v2\/pages"}],"about":[{"href":"https:\/\/sante-nutrition.be\/index.php\/wp-json\/wp\/v2\/types\/page"}],"author":[{"embeddable":true,"href":"https:\/\/sante-nutrition.be\/index.php\/wp-json\/wp\/v2\/users\/1"}],"replies":[{"embeddable":true,"href":"https:\/\/sante-nutrition.be\/index.php\/wp-json\/wp\/v2\/comments?post=805"}],"version-history":[{"count":7,"href":"https:\/\/sante-nutrition.be\/index.php\/wp-json\/wp\/v2\/pages\/805\/revisions"}],"predecessor-version":[{"id":1942,"href":"https:\/\/sante-nutrition.be\/index.php\/wp-json\/wp\/v2\/pages\/805\/revisions\/1942"}],"wp:attachment":[{"href":"https:\/\/sante-nutrition.be\/index.php\/wp-json\/wp\/v2\/media?parent=805"}],"curies":[{"name":"wp","href":"https:\/\/api.w.org\/{rel}","templated":true}]}}